
False
Let p = 906 + 637. Is p a composite number?
False
Suppose 8751 = 4*a + 5*j - 3993, 5*a - j - 15901 = 0. Is a a prime number?
True
Let j(u) = -3*u**3 - 2*u**2 - 2*u - 5. Let c = -9 + 5. Is j(c) prime?
True
Let p(b) = 313*b + 108. Is p(13) a prime number?
True
Let o = 374 - 337. Is o prime?
True
Let v = 647 + 343. Let u = v - 273. Let d = u - 424. Is d prime?
True
Let z = 3102 + -2191. Is z a prime number?
True
Suppose f = 3*q - 66013, -3*q + 3*f = -0*q - 66003. Is q a prime number?
False
Let x = -34 - -17. Let o(h) be the second derivative of -h**4/12 - 23*h**3/6 + 7*h**2/2 + 5*h. Is o(x) prime?
True
Let f(w) = -w**3 - 13*w**2 - 6*w + 19. Let p be f(-13). Let s = p - 25. Suppose -c = -s - 469. Is c composite?
False
Suppose -19230 - 71405 = -3*k - y, 4*k = 4*y + 120836. Is k a composite number?
False
Suppose -2*v - 1005 = -7*v. Let i = 55 + v. Suppose 5*y - 319 - i = 0. Is y prime?
False
Let c = 1657 - 899. Let d = 7503 + c. Is d prime?
False
Let w = -74 + -1061. Let t = -590 - w. Is t composite?
True
Suppose 0 = 30*f - 37*f + 25249. Is f prime?
True
Let c = 16843 - 11657. Is c a prime number?
False
Let o(x) = 9*x - 1. Let i be o(11). Suppose -i = -4*d + 58. Is d prime?
False
Let r = -27 + 34. Suppose 2*d = -5*x + r*d + 790, 0 = 5*x - 2*d - 790. Is x a composite number?
True
Suppose -47 = -0*v + 4*v - 5*p, 2*v + 26 = 2*p. Let r be (-111)/((4/v)/(-2)). Is (-6)/(-15) + r/(-15) a composite number?
False
Let y(u) = 9*u - 21. Let o(d) = -5*d + 11. Let x(r) = -7*o(r) - 4*y(r). Let j be x(11). Let m = 157 - j. Is m composite?
True
Let i(n) = 824*n + 23. Is i(10) composite?
False
Let o(c) = 199*c - 4*c**2 + 5 + 3*c**2 - 203*c. Let f be o(-5). Is 588 + f + (-1)/1 a composite number?
False
Suppose 3*y + 2*y - 10 = 0. Suppose -5*t = 5*x - 170, 0 = -4*x + y*t + 15 + 103. Suppose 2*f = 3*f - x. Is f composite?
False
Suppose z + 112 = -57. Let v = z - -326. Is v composite?
False
Let f = -10 + 19. Suppose 0 = -f*h + 8*h + 12. Let s(n) = n**2 - 11*n + 7. Is s(h) composite?
False
Suppose 3*b + 2 = 38. Is b/(-36)*(1 + -880) a composite number?
False
Let a(j) = j + 2. Let s be a(2). Let x(l) be the first derivative of l**4/4 - 2*l**3/3 + l**2/2 - l + 5. Is x(s) a prime number?
False
Let d(w) = 477*w**2 - 7*w - 5. Is d(3) composite?
True
Let d(m) = -4*m**2 - 6. Let g be d(6). Let a(f) = -5*f**3 - f**2 + 8*f - 9. Let t be a(2). Let w = t - g. Is w a composite number?
False
Suppose -4*u = 5*v - 2165, -629 + 87 = -u - v. Let h = 1176 - u. Is h composite?
False
Suppose -3*z + 145370 = 7*n, -48420 = -7*z + 6*z + 5*n. Is z a composite number?
True
Let w be (-4)/(-18) - (-61752)/108. Suppose 3*s - 3*p = 420, 4*s + 2*p = -0*s + w. Is s prime?
False
Let p(o) = -o**3 + 24*o**2 + 25*o - 9. Is p(12) composite?
True
Suppose -28290 = -6*m - 10164. Suppose 1124 = 5*r - m. Is r prime?
True
Let o = -7 - -11. Let x(l) = -17*l**3 + 9*l**2 - 12*l - 11. Let v(n) = -6*n**3 + 3*n**2 - 4*n - 4. Let i(d) = 8*v(d) - 3*x(d). Is i(o) composite?
True
Let u = 2 - 2. Let b = 875 + -58. Suppose k + 1 = u, -w + 5*k = 3*w - b. Is w a prime number?
False
Let h(j) = j**3 - 4*j**2 - 12*j + 7. Is h(6) composite?
False
Let d = -12726 - -22741. Is d a prime number?
False
Let x = 855 - 361. Let m = 1153 - x. Is m a composite number?
False
Suppose 4*c + 15 - 31 = 0. Suppose 3*u - 840 - 157 = -c*i, -i + 3*u + 268 = 0. Is i a composite number?
True
Let p(f) = 6*f**2 - 12*f + 13. Let h be p(5). Let x = -60 + h. Is x a composite number?
False
Suppose -3*m - 218 = x + 2*m, 2*x + 444 = -2*m. Let b = -30 + x. Let d = -156 - b. Is d a prime number?
True
Suppose 0 = 6*l - 18764 - 109798. Is l a composite number?
True
Suppose 15*s = 10*s + 16495. Is s prime?
True
Let a = -771 - -2482. Is a a prime number?
False
Let o = 386 + -261. Suppose 0 = -3*p + 4*q + 1296, -3*p + 1319 - 23 = -2*q. Let d = p - o. Is d a composite number?
False
Let x(j) = 16*j**2 + 4*j - 13. Is x(4) a prime number?
False
Suppose 3*j = -5*j + 60712. Suppose -2*i + 4*i - m - j = 0, -m - 3796 = -i. Is i composite?
False
Let q = 476 + -145. Is q a prime number?
True
Suppose -i - 24 = 2*w + i, 0 = -3*w - 2*i - 36. Let c(u) = u**2 - 7*u - 24. Let v be c(w). Let m = v + -5. Is m a composite number?
False
Let t be 28/2 + (1 + 3 - 5). Suppose t*a - 12*a = 919. Is a composite?
False
Suppose -4*n + 3*j = -89 + 288, -n - 49 = -j. Let w be (0 + -45)*n/65. Is 2/3*11934/w a composite number?
True
Let o(g) = g**3 + 0 - 7*g - 1 + 14 + g**2 + 4. Let w be o(-7). Let z = w - -475. Is z a composite number?
True
Suppose 0 = -3*a - 5*f - 15, -a + 4*f + 12 = -2*a. Is 3160/1 - (a/(-5) + -3) composite?
False
Let a(j) = 2*j**2 - 4*j + 3. Let r be a(3). Suppose r = 3*n, -5*t + 31 = 4*n - 61. Suppose 14*y + 86 = t*y. Is y prime?
True
Suppose 3*o - 1 = 2*o. Let f = o + 3. Suppose 2*s - 2*h = 646, -s + 0*s + f*h = -335. Is s prime?
False
Let j(d) be the third derivative of d**4/24 - 5*d**3/3 + d**2. Let q be j(7). Is 66 + (-4)/(-12)*q prime?
False
Suppose 0 = a - 1 - 2. Suppose -6*j = 27 + a. Is 1/j - 30336/(-80) a prime number?
True
Let y be 3*3/15 - 4/(-10). Let u(a) = 444*a**3 + 2*a**2 - 2*a + 1. Is u(y) a prime number?
False
Suppose 4*y - 5 = -y. Let b(n) = y - 3*n + 4*n - 18*n + 1. Is b(-7) composite?
True
Suppose -15 = -22*l + 17*l. Suppose -x = l*s - 14866, 3*x = 2*s - x - 9934. Is s composite?
False
Let g = 9 - -32. Suppose 11 = 5*v + g. Is (-22)/(-3) - v/(-18) a prime number?
True
Is (-51)/(-17)*1294/6 composite?
False
Let q(v) = 6*v**2 - 16*v + 121. Is q(33) prime?
False
Let f = 8 - 4. Let r be (-377)/3 + f/6. Is 2 + (0/3 - r) composite?
False
Let y(x) = 366*x**3 + 2*x**2 - x. Suppose 4*r - 19 = -15. Let f be y(r). Is -4 + 8 + (f - 0) composite?
True
Suppose 17 + 19 = 6*j. Suppose -554 = -j*l + 784. Is l a composite number?
False
Let i be (-4)/(-6 - -2) + -2055. Is (-2 + 1)/(-4 + i/(-514)) a prime number?
True
Suppose 0 = -5*q + 2*t + 99261 + 6802, 42406 = 2*q + 4*t. Is q a composite number?
False
Suppose -144 = -3*w - 5*j, w = 6*j - 11*j + 38. Is w prime?
True
Let p be (-44)/4 - (4 + -2). Let r = p - -14. Is (r/(-2))/((-3)/1266) a prime number?
True
Let h(g) be the first derivative of g**4/4 - 4*g**2 - 3*g + 1. Let p be h(6). Let q = p + 388. Is q prime?
False
Let k = -9040 - -15425. Is k composite?
True
Let v = 1707 + -74. Is v a prime number?
False
Let x(w) = -3*w**2 + 10*w + 9. Let c be x(-7). Let q be (-2)/((-4)/(-3)) + 597/2. Let z = q + c. Is z a prime number?
True
Suppose -2*g - 11906 = 3434. Let t = 11503 + g. Is t a prime number?
True
Suppose 3*l = g + 10, 0 = g - 0*g + 4. Suppose 942 = n + l*n. Suppose q + q - n = 0. Is q composite?
False
Let u(g) = 900*g**2 - 17*g - 53. Is u(-6) composite?
True
Suppose -3*y - m + 5536 = 0, 9600 - 375 = 5*y + 2*m. Is y composite?
False
Suppose -5*o = 5*b - 5, -2 - 2 = -b + 2*o. Suppose 3*s - 7711 = b*w, -2*w - 2*w = -4*s + 10284. Is s composite?
True
Let u(a) = -7*a**2 + 4*a + 10. Suppose -p + 1 = 5. Let m be u(p). Let g = m - -245. Is g composite?
False
Let d(l) = -l**3 + l + 211. Suppose 2*y = 4*y. Is d(y) a prime number?
True
Let n(v) = -14821*v - 14. Is n(-3) a composite number?
False
Let a(d) = 2*d - 7. Let z be a(5). Let n(s) be the first derivative of 8*s**3/3 + 3*s**2/2 - 4*s - 60. Is n(z) composite?
True
Let d be (855/18)/(-19)*12/(-10). Let b be (-2 + 2)/(3/3). Suppose 5*s - y - 8360 = b, -5039 = -3*s - y - d*y. Is s composite?
True
Suppose 64415 = -14*m + 19*m + 2*r, 4*m = 3*r + 51509. Is m composite?
True
Let c(r) = -6114*r**3 - 2*r**2 - 12*r - 11. Is c(-1) composite?
False
Let y(o) = -47*o**2 + 2*o + 2. Let p be y(-2). Let q = p - -461. Is q prime?
True
Suppose 2*i + b = 1779, 2*i - 1785 = -0*i + 5*b. Suppose -6*y + y + i = 0. Is y composite?
True
Let p(a) = 3342*a**3 + 2*a**2 - 5*a + 15. Is p(2) a composite number?
True
Let v = -2 + 24. Let z = 349 - v. Is z composite?
True
Is 2 + ((-2)/(-3))/((-62)/(-705963)) composite?
True
Suppose 150*b = 161*b - 319891. Is b prime?
False
Let i be 3/(6/10) + (-3 - -6). Suppose -5 + 157 = i*f. Is f a composite number?
False
Suppose 2*w - 5705 = -3*v + 3752, -4*v - 3*w + 12611 = 0. Is v a prime number?
False
Let h be (-4)/((-4)/53) + 1 + -2. Suppose h*o = 54*o - 1906. Is o a composite number?
False
Let x = -349 - -176. Let c = x - -351. Is c a composite number?
T